alculate f(-8).
-6
Let r(v) = 8*v**2 + v + 18. Let c(w) = -w**2 - 1. Let y(o) = 5*c(o) + r(o). Let k(q) be the first derivative of y(q). Calculate k(1).
7
Let w = 150 + -140. Let r(b) = b**2 - 11*b + 6. Determine r(w).
-4
Let m(d) = 8 - 7 + 9 + 148*d - 151*d. Determine m(5).
-5
Let k(f) = -4*f**3 + f**2 - 1. Let h = 5 + -6. Let a be k(h). Suppose -5*p - a*l = 16, 2*l + 16 = 3*p - 2*l. Let u(g) = g**2 + g + 7. Calculate u(p).
7
Let m(a) = -4 + 5 - 2 - a + 2. Give m(-5).
6
Let i(n) be the first derivative of 1/2*n**2 + 15 + 6*n. Calculate i(0).
6
Let a(i) be the first derivative of -i**4/4 + 4*i**3/3 + 3*i**2/2 - 6*i + 26. Calculate a(4).
6
Let a(p) = -2*p - 5*p - 2*p + 11*p - 22. Calculate a(10).
-2
Let c(z) be the first derivative of -z**3/3 - 3*z**2 + z + 141. Give c(-7).
-6
Let r(d) = 2*d - 4. Let q = 37 - 36. Suppose -4 = -j + q. What is r(j)?
6
Let k(u) = u**3 + 7*u**2 - 8*u - 6. Suppose -10*x = -8 + 88. Give k(x).
-6
Let d be 4 + ((-3)/(-3) - 2). Let q(h) = h**3 + 2*h**2 - 5 + d + 4 - 5*h**2. Let t be (-27)/(-81)*(1 - -8). What is q(t)?
2
Let b(j) = -4*j + j**2 - 3*j - 8 + 18 - 4. Determine b(8).
14
Let b(j) be the first derivative of j**5/20 + 7*j**4/12 + 5*j**3/6 - 7*j**2/2 - 31*j - 34. Let k(x) be the first derivative of b(x). Calculate k(-6).
-1
Let u(l) = l**2 + l - 5. Let r(c) be the first derivative of c**4/4 + 4*c**3/3 + c**2 + 4*c + 18. Let n be r(-4). Determine u(n).
7
Let c(x) be the second derivative of x**3/6 + 5*x**2/2 + x. Let l = -1074 + 1070. Determine c(l).
1
Suppose 3*w - 3*j + 1 = -j, -4*w - 2*j - 20 = 0. Let v(b) = -b**2 - b**3 + 1 + 2*b + 3 - b**2. Determine v(w).
7
Let n(b) = -b. Let v(s) = 6*s + 1. Let a(p) = 5*n(p) + v(p). Let o = 31 + -27. Suppose 3*y = o - 1. What is a(y)?
2
Let y be (5 + -2)*5/3. Let z(o) = -5*o - 17. Let k(h) = -18 + h - 6*h - 2*h + h. Let u(f) = y*z(f) - 4*k(f). Determine u(-6).
-7
Let o(d) = d**3 + 7*d**2 + 6*d - 3. Suppose 4*t + 16 = 0, -4*f + 5*t - 12 = 3*t. What is o(f)?
17
Let w(m) = -31*m + 4. Let b(c) = -5*c + 3. Let y(s) = 6*b(s) - w(s). Give y(-8).
6
Let w(i) be the third derivative of -1/120*i**6 + 0 + 1/24*i**4 - 13*i**2 + 0*i - 1/20*i**5 + 1/3*i**3. Give w(-2).
-4
Let t(n) = -9*n**3 - 2*n**2 + n. Suppose 5*u - 5*c + 15 = 0, -6*u + 15 - 21 = -3*c. Calculate t(u).
-10
Suppose 5 = -2*c - 7. Let i(k) = -k**2 - 9*k - 1. Let j be i(c). Suppose -j*q + 18*q = -3. Let u(y) = y**3 + 2*y**2 - 3*y - 3. What is u(q)?
-3
Let h = 37 - 37. Let l(x) be the second derivative of -x**5/20 + 11*x**2/2 - 8*x - 3. Calculate l(h).
11
Let k(g) be the second derivative of -g**5/20 - 3*g**4/4 + 5*g**2/2 - 134*g. Give k(-9).
5
Let y(x) be the first derivative of -x**2 + 12*x + 113. What is y(10)?
-8
Let a(v) = -27*v - 77. Let b be a(-3). Let m(q) = 3*q - 2. Calculate m(b).
10
Let z(t) = -t**3 + 16*t**2 + 16*t + 7. Suppose 454 = -3*i + 505. Give z(i).
-10
Let c(v) = -v**2 - 4*v + 7. Let y be (-25)/50 - 11/2. Give c(y).
-5
Let y(t) = -t + 2*t - 2*t - 2. Suppose 54 = -5*b - 22*b. Give y(b).
0
Suppose 4*l = 4*v - 8*v, -l = -5*v. Let w(s) = 2 + 1 - 2 + s. Calculate w(v).
1
Let b(a) = -2 + 2 + 2*a + 8*a. What is b(-1)?
-10
Let n(r) = -r**2 - 12*r. Let y be n(-12). Let j = y - -3. Let h(m) = 3*m**3 - m + 2*m**j + 4 + 2 - 4*m**3. Calculate h(0).
6
Let z(p) = -4*p + 2. Suppose 0 = -4*n + g + 24, -n - 2*n = -g - 18. Suppose -5*x = -3*x + n. What is z(x)?
14
Suppose 2*h - 8 = -2. Suppose -h*b = -0*b - 6. Suppose -b*o + 3 = -3*o. Let f(g) = -g**3 - 2*g**2 + 4*g + 3. Give f(o).
0
Let b(l) = 11*l**2 + 8*l + 23. Let v(a) = 5*a**2 + 4*a + 11. Let c = 41 + -45. Let d(h) = c*b(h) + 9*v(h). Calculate d(-5).
12
Let t be (14/(-8))/(5/20). Let z = t - -12. Let q(a) = -2*a + 6. Let c(y) = -y + 4. Let d(x) = z*q(x) - 8*c(x). What is d(5)?
-12
Let q be 0 - -3*(1 + 0). Let d(i) = 6*i**3 + 12 - 24*i - 8 - q - 35*i**2. Let a(m) = -m**3 + 7*m**2 + 5*m. Let t(u) = -11*a(u) - 2*d(u). Calculate t(-6).
4
Suppose -26 = -5*x - 11. Let z(r) = -6*r**2 + 20*r - 14. Let h(w) = 4*w**2 - 13*w + 9. Let a(m) = -8*h(m) - 5*z(m). Determine a(x).
-8
Suppose 2*x - 3*v + 8*v - 127 = 0, 0 = -5*v - 15. Let w = -76 + x. Let c(j) = -j**2 - 6*j + 2. What is c(w)?
7
Let r(n) = -2*n + 3 + 1 - 5 + n. Let d(b) = -3*b - 3. Let f be d(-2). Suppose 0 = g - f. Give r(g).
-4
Let s(u) = 13*u + 1. Let x be (-16 + (-70)/(-5))*6/4. Calculate s(x).
-38
Suppose -10 - 9 = -2*c - 3*x, 35 = 4*c + 5*x. Suppose -3*q = -5*f + 2*q - 35, 0 = c*f + q + 35. Let r be 3/6 - f/2. Let z(v) = 2*v**2 - 5*v. Give z(r).
12
Let a(u) be the third derivative of -7*u**5/60 + u**4/12 + 81*u**2. Determine a(2).
-24
Let q = -258 + 1549/6. Let h(v) be the second derivative of 1/12*v**4 + 3*v - 9/2*v**2 + 0 - q*v**3 + 1/20*v**5. Give h(0).
-9
Let k(v) = v**3. Suppose -4*u - 4*p - p = -13, -10 = -4*u - 2*p. Calculate k(u).
8
Suppose -2*u + 6 = -34. Suppose -2*h - 3*h = -u. Let s(i) = 6*i + 2 + h*i**3 + 11*i**2 - 10 - 3*i**3 - 4*i**2. What is s(-6)?
-8
Let l(v) = v**3 + 10*v**2 + 9*v + 2. Let x be (-2358)/(-12) + 0 - 6/4. Let w be -1*(4/(-26) + 1785/x). Determine l(w).
2
Let f(a) = a**3 + 10*a**2 - 8*a + 10. Let m(q) = q**3 + q**2. Let p = -5 - -3. Let i(s) = p*m(s) + f(s). Let v be (-65)/(-9) + (-100)/(-36) + -3. What is i(v)?
3
Let c(k) = -13*k - 4. Let i be c(-3). Let s(a) = -a**3 - 104*a + 4*a**2 + 40*a + 1 + i*a + 30*a. Calculate s(3).
13
Suppose 6*w = -127 + 97. Let m(c) = c**3 + 6*c**2 + 5*c + 4. Calculate m(w).
4
Let q(c) = 3*c + c**2 + 2 - 6*c + 0*c. Suppose -3*s = -2*g + 13, -1 = 3*g + s - 4. Suppose g = -2*u + 8. What is q(u)?
2
Let r(d) = -18*d + d + 3*d + 9*d + 1. Determine r(-2).
11
Let b(g) = 7*g**2 + 34*g + 33. Let f be b(-1). Let r(t) = -t**2 + 3*t - 8. Give r(f).
-26
Let b(c) be the third derivative of -3/8*c**4 - 5/6*c**3 + 0*c - 28*c**2 + 0 - 7/60*c**5 - 1/120*c**6. Give b(-6).
13
Let s(l) = 6*l - 3. Let a be s(2). Let o(v) = -6*v + 1. Let m be o(2). Let q = m + a. Let f(d) = -3*d - 1. Determine f(q).
5
Let z(s) = -s + 2. Suppose c - 8 = -2*y, 4*y + 0*y - 4*c - 4 = 0. Suppose -m + y = -0. Suppose 6 = -4*w + 14, m*f - 5*w = -19. Determine z(f).
5
Let u = 521 + -524. Let i(x) = x**2 - 5. Give i(u).
4
Let j be ((-8)/(-12))/(14/(-84)). Let u(d) = -d**3 - 3*d**2 + 10*d + 18. Determine u(j).
-6
Let k(p) = -p + 11. Let s be k(6). Suppose -w - 9 = -a - 4*a, 0 = -s*w + a + 3. Let u(q) = 4 + 1 - w + 2*q. Calculate u(-6).
-8
Let m(d) = 13*d + 2. Let h(c) = -c. Let s(u) = 3*h(u) + m(u). Calculate s(-4).
-38
Let s = -133 - -136. Let v(m) = -9*m + m**3 + s*m - 2 + 5*m + 2*m**2. Calculate v(-2).
0
Let l = 1486 - 1472. Let a(f) = -f + 7. What is a(l)?
-7
Let m(i) = i**3 - 5*i**2 + 19*i - 57. Let r be m(4). Let d(l) = l**3 + 2*l**2 - 4*l + 1. What is d(r)?
34
Suppose -3*o = -6*o - 12. Let g(x) be the first derivative of -x**3/3 - 3*x**2/2 + x - 57. Determine g(o).
-3
Let s be (34/119)/(2/56). Let l(q) = -q**2 + 5*q + 17. Let i be l(s). Let p(n) = n**2 + 8*n + 3. What is p(i)?
-4
Let g(f) = 2*f**2 - 3*f. Suppose 2*t - t - 2 = 0. Let p be 3/6 + 3/t. What is g(p)?
2
Let g(q) = -101*q + 3 + 1 + 102*q + 2. Determine g(-5).
1
Suppose 2*z + 4*n - 14 = -0*n, 5 = z + n. Let o be z + (-5 - (-3 - -2)). Let r(u) = 42*u - 36. Let x(j) = j - 1. Let d(h) = r(h) - 36*x(h). Calculate d(o).
-6
Let s(h) be the first derivative of -3/2*h**2 + h**3 - 11 + 0*h. What is s(2)?
6
Let s(h) = -h**3 - 6*h**2 + 7. Suppose 0 = -0*x - x + 41. Suppose 0 = -2*g + n - 19, 4*n + 5 = 4*g + x. Let a = g + 4. Calculate s(a).
7
Let d(i) be the third derivative of -i**5/30 - i**4/2 + 5*i**3/6 - 18*i**2. What is d(-6)?
5
Let h(f) be the second derivative of f**5/30 - f**4/24 - f**3/2 + 2*f. Let v(z) be the second derivative of h(z). Let m = -9 - -7. Give v(m).
-9
Let c be ((2 - 5)*1 - -3)/2. Let o(m) = -m**3 - m**2 + m + 1. Let j(b) = b**2 - 1. Let a(r) = -j(r) - o(r). Determine a(c).
0
Let z(q) be the first derivative of 2*q**3/3 + 2*q**2 - q + 243. What is z(-6)?
47
Let v(q) = 4*q**2 + 11*q - 3. Let i(j) = 2*j**2 + 10*j - 3. Let k(d) = -3*i(d) + 2*v(d). What is k(5)?
13
Suppose -28*p = -25*p + 111. Let v = -34 - p. Let r(q) = 3*q + 2. Give r(v).
11
Let j be 2/7 + 38/14. Let u(v) = -1141*v + 565*v + 2*v**3 - 4*v**2 + 2 + 575*v. Give u(j).
17
Let m be 33/55*(34 + 1). Let v be m/12 - (-6)/(-8). Let d(i) = i**2 - 4*i + 0*i**2 + 8*i + v. 